{"id":1092,"date":"2024-04-03T11:15:14","date_gmt":"2024-04-03T14:15:14","guid":{"rendered":"https:\/\/im3d.com.br\/?page_id=1092"},"modified":"2024-11-07T16:08:24","modified_gmt":"2024-11-07T19:08:24","slug":"impressoes-de-modelos-e-bio-modelos","status":"publish","type":"page","link":"https:\/\/im3d.com.br\/index.php\/impressoes-de-modelos-e-bio-modelos\/","title":{"rendered":"Impress\u00f5es de Modelos e Bio-Modelos"},"content":{"rendered":"\t\t<div data-elementor-type=\"wp-page\" data-elementor-id=\"1092\" class=\"elementor elementor-1092\" data-elementor-post-type=\"page\">\n\t\t\t\t<div class=\"elementor-element elementor-element-7b33ca9f e-con-full e-flex e-con e-parent\" data-id=\"7b33ca9f\" data-element_type=\"container\">\n\t\t<div class=\"elementor-element elementor-element-73590ff9 e-con-full e-flex e-con e-child\" data-id=\"73590ff9\" data-element_type=\"container\">\n\t\t\t\t<div class=\"elementor-element elementor-element-21153ab4 elementor-widget elementor-widget-heading\" data-id=\"21153ab4\" data-element_type=\"widget\" data-widget_type=\"heading.default\">\n\t\t\t\t<div class=\"elementor-widget-container\">\n\t\t\t\t\t<h2 class=\"elementor-heading-title elementor-size-default\">Impress\u00f5es de Modelos e Bio-Modelos<\/h2>\t\t\t\t<\/div>\n\t\t\t\t<\/div>\n\t\t\t\t<div class=\"elementor-element elementor-element-295a2e1b elementor-widget-divider--view-line elementor-widget elementor-widget-divider\" data-id=\"295a2e1b\" data-element_type=\"widget\" data-widget_type=\"divider.default\">\n\t\t\t\t<div class=\"elementor-widget-container\">\n\t\t\t\t\t\t\t<div class=\"elementor-divider\">\n\t\t\t<span class=\"elementor-divider-separator\">\n\t\t\t\t\t\t<\/span>\n\t\t<\/div>\n\t\t\t\t\t\t<\/div>\n\t\t\t\t<\/div>\n\t\t\t\t<div class=\"elementor-element elementor-element-1e4de752 elementor-widget elementor-widget-text-editor\" data-id=\"1e4de752\" data-element_type=\"widget\" data-widget_type=\"text-editor.default\">\n\t\t\t\t<div class=\"elementor-widget-container\">\n\t\t\t\t\t\t\t\t\t<p>Impress\u00e3o de Modelos com Alta Resolu\u00e7\u00e3o e Detalhes e Biomodelos de Estruturas Maxilofaciais.<\/p>\t\t\t\t\t\t\t\t<\/div>\n\t\t\t\t<\/div>\n\t\t\t\t<\/div>\n\t\t<div class=\"elementor-element elementor-element-5549c656 e-con-full e-flex e-con e-child\" data-id=\"5549c656\" data-element_type=\"container\" data-settings=\"{&quot;background_background&quot;:&quot;classic&quot;}\">\n\t\t<div class=\"elementor-element elementor-element-726158ea e-flex e-con-boxed e-con e-child\" data-id=\"726158ea\" data-element_type=\"container\">\n\t\t\t\t\t<div class=\"e-con-inner\">\n\t\t\t\t<div class=\"elementor-element elementor-element-1b504e30 elementor-widget elementor-widget-image\" data-id=\"1b504e30\" data-element_type=\"widget\" data-widget_type=\"image.default\">\n\t\t\t\t<div class=\"elementor-widget-container\">\n\t\t\t\t\t\t\t\t\t\t\t\t\t\t\t<img fetchpriority=\"high\" decoding=\"async\" width=\"490\" height=\"736\" src=\"https:\/\/im3d.com.br\/wp-content\/uploads\/2024\/04\/imagem-modelo.jpg\" class=\"attachment-large size-large wp-image-1299\" alt=\"Impress\u00e3o de modelos odontol\u00f3gicos e biomodelos maxilofaciais com alta resolu\u00e7\u00e3o e precis\u00e3o, utilizando imagens DICOM ou STL, com durabilidade e aplicabilidade nas diversas \u00e1reas da odontologia.\" srcset=\"https:\/\/im3d.com.br\/wp-content\/uploads\/2024\/04\/imagem-modelo.jpg 490w, https:\/\/im3d.com.br\/wp-content\/uploads\/2024\/04\/imagem-modelo-200x300.jpg 200w\" sizes=\"(max-width: 490px) 100vw, 490px\" \/>\t\t\t\t\t\t\t\t\t\t\t\t\t\t\t<\/div>\n\t\t\t\t<\/div>\n\t\t\t\t\t<\/div>\n\t\t\t\t<\/div>\n\t\t<div class=\"elementor-element elementor-element-448d1f4b e-flex e-con-boxed e-con e-child\" data-id=\"448d1f4b\" data-element_type=\"container\">\n\t\t\t\t\t<div class=\"e-con-inner\">\n\t\t<div class=\"elementor-element elementor-element-4ce8c4a4 e-flex e-con-boxed e-con e-child\" data-id=\"4ce8c4a4\" data-element_type=\"container\">\n\t\t\t\t\t<div class=\"e-con-inner\">\n\t\t\t\t<div class=\"elementor-element elementor-element-5774bb9e elementor-widget elementor-widget-heading\" data-id=\"5774bb9e\" data-element_type=\"widget\" data-widget_type=\"heading.default\">\n\t\t\t\t<div class=\"elementor-widget-container\">\n\t\t\t\t\t<h2 class=\"elementor-heading-title elementor-size-default\">Pontos Importantes e Vantagens:<\/h2>\t\t\t\t<\/div>\n\t\t\t\t<\/div>\n\t\t\t\t<div class=\"elementor-element elementor-element-318f6075 elementor-widget elementor-widget-text-editor\" data-id=\"318f6075\" data-element_type=\"widget\" data-widget_type=\"text-editor.default\">\n\t\t\t\t<div class=\"elementor-widget-container\">\n\t\t\t\t\t\t\t\t\t<ul><li>Modelos Zocalados ou Troquelizados;<\/li><li>Alta durabilidade e precis\u00e3o;<\/li><li>Transforma\u00e7\u00e3o da Imagem Virtual em Real;<\/li><li>Utilidade nas diversas \u00e1reas da odontologia;<\/li><li>Envio das imagens DICOM ou STL para impress\u00e3o do Modelo ou Biomodelo.<\/li><\/ul>\t\t\t\t\t\t\t\t<\/div>\n\t\t\t\t<\/div>\n\t\t\t\t\t<\/div>\n\t\t\t\t<\/div>\n\t\t\t\t\t<\/div>\n\t\t\t\t<\/div>\n\t\t\t\t<\/div>\n\t\t<div class=\"elementor-element elementor-element-77de3ffd e-con-full e-flex e-con e-child\" data-id=\"77de3ffd\" data-element_type=\"container\">\n\t\t\t\t<\/div>\n\t\t\t\t<\/div>\n\t\t\t\t<\/div>\n\t\t","protected":false},"excerpt":{"rendered":"<p>Impress\u00f5es de Modelos e Bio-Modelos Impress\u00e3o de Modelos com Alta Resolu\u00e7\u00e3o e Detalhes e Biomodelos de Estruturas Maxilofaciais. Pontos Importantes e Vantagens: Modelos Zocalados ou Troquelizados; Alta durabilidade e precis\u00e3o; Transforma\u00e7\u00e3o da Imagem Virtual em Real; Utilidade nas diversas \u00e1reas da odontologia; Envio das imagens DICOM ou STL para impress\u00e3o do Modelo ou Biomodelo.<\/p>\n","protected":false},"author":1,"featured_media":0,"parent":0,"menu_order":0,"comment_status":"closed","ping_status":"closed","template":"","meta":{"footnotes":"","_joinchat":[]},"_links":{"self":[{"href":"https:\/\/im3d.com.br\/index.php\/wp-json\/wp\/v2\/pages\/1092"}],"collection":[{"href":"https:\/\/im3d.com.br\/index.php\/wp-json\/wp\/v2\/pages"}],"about":[{"href":"https:\/\/im3d.com.br\/index.php\/wp-json\/wp\/v2\/types\/page"}],"author":[{"embeddable":true,"href":"https:\/\/im3d.com.br\/index.php\/wp-json\/wp\/v2\/users\/1"}],"replies":[{"embeddable":true,"href":"https:\/\/im3d.com.br\/index.php\/wp-json\/wp\/v2\/comments?post=1092"}],"version-history":[{"count":46,"href":"https:\/\/im3d.com.br\/index.php\/wp-json\/wp\/v2\/pages\/1092\/revisions"}],"predecessor-version":[{"id":1536,"href":"https:\/\/im3d.com.br\/index.php\/wp-json\/wp\/v2\/pages\/1092\/revisions\/1536"}],"wp:attachment":[{"href":"https:\/\/im3d.com.br\/index.php\/wp-json\/wp\/v2\/media?parent=1092"}],"curies":[{"name":"wp","href":"https:\/\/api.w.org\/{rel}","templated":true}]}}