{"id":1087,"date":"2024-04-03T11:13:24","date_gmt":"2024-04-03T14:13:24","guid":{"rendered":"https:\/\/im3d.com.br\/?page_id=1087"},"modified":"2025-03-08T18:07:04","modified_gmt":"2025-03-08T21:07:04","slug":"endoguide","status":"publish","type":"page","link":"https:\/\/im3d.com.br\/index.php\/endoguide\/","title":{"rendered":"Endoguide"},"content":{"rendered":"\t\t<div data-elementor-type=\"wp-page\" data-elementor-id=\"1087\" class=\"elementor elementor-1087\" data-elementor-post-type=\"page\">\n\t\t\t\t<div class=\"elementor-element elementor-element-7d0b4caf e-con-full e-flex e-con e-parent\" data-id=\"7d0b4caf\" data-element_type=\"container\">\n\t\t<div class=\"elementor-element elementor-element-1e78d825 e-con-full e-flex e-con e-child\" data-id=\"1e78d825\" data-element_type=\"container\">\n\t\t\t\t<div class=\"elementor-element elementor-element-2e317163 elementor-widget elementor-widget-heading\" data-id=\"2e317163\" data-element_type=\"widget\" data-widget_type=\"heading.default\">\n\t\t\t\t<div class=\"elementor-widget-container\">\n\t\t\t\t\t<h2 class=\"elementor-heading-title elementor-size-default\">Endoguide<\/h2>\t\t\t\t<\/div>\n\t\t\t\t<\/div>\n\t\t\t\t<div class=\"elementor-element elementor-element-18ea0fe9 elementor-widget-divider--view-line elementor-widget elementor-widget-divider\" data-id=\"18ea0fe9\" data-element_type=\"widget\" data-widget_type=\"divider.default\">\n\t\t\t\t<div class=\"elementor-widget-container\">\n\t\t\t\t\t\t\t<div class=\"elementor-divider\">\n\t\t\t<span class=\"elementor-divider-separator\">\n\t\t\t\t\t\t<\/span>\n\t\t<\/div>\n\t\t\t\t\t\t<\/div>\n\t\t\t\t<\/div>\n\t\t\t\t<div class=\"elementor-element elementor-element-2530b144 elementor-widget elementor-widget-text-editor\" data-id=\"2530b144\" data-element_type=\"widget\" data-widget_type=\"text-editor.default\">\n\t\t\t\t<div class=\"elementor-widget-container\">\n\t\t\t\t\t\t\t\t\t<p>Associa\u00e7\u00e3o entre escaneamento digital intra-oral e tomografia simplificando o acesso ao canal radicular em dentes com altera\u00e7\u00f5es pulpares e radiculares.<\/p>\t\t\t\t\t\t\t\t<\/div>\n\t\t\t\t<\/div>\n\t\t\t\t<\/div>\n\t\t<div class=\"elementor-element elementor-element-7aa9ace6 e-con-full e-flex e-con e-child\" data-id=\"7aa9ace6\" data-element_type=\"container\" data-settings=\"{&quot;background_background&quot;:&quot;classic&quot;}\">\n\t\t<div class=\"elementor-element elementor-element-23cdf9bf e-flex e-con-boxed e-con e-child\" data-id=\"23cdf9bf\" data-element_type=\"container\">\n\t\t\t\t\t<div class=\"e-con-inner\">\n\t\t\t\t<div class=\"elementor-element elementor-element-11618554 elementor-widget elementor-widget-image\" data-id=\"11618554\" data-element_type=\"widget\" data-widget_type=\"image.default\">\n\t\t\t\t<div class=\"elementor-widget-container\">\n\t\t\t\t\t\t\t\t\t\t\t\t\t\t\t<img fetchpriority=\"high\" decoding=\"async\" width=\"490\" height=\"736\" src=\"https:\/\/im3d.com.br\/wp-content\/uploads\/2025\/03\/endoguide_02.webp\" class=\"attachment-large size-large wp-image-1671\" alt=\"\" srcset=\"https:\/\/im3d.com.br\/wp-content\/uploads\/2025\/03\/endoguide_02.webp 490w, https:\/\/im3d.com.br\/wp-content\/uploads\/2025\/03\/endoguide_02-200x300.webp 200w\" sizes=\"(max-width: 490px) 100vw, 490px\" \/>\t\t\t\t\t\t\t\t\t\t\t\t\t\t\t<\/div>\n\t\t\t\t<\/div>\n\t\t\t\t\t<\/div>\n\t\t\t\t<\/div>\n\t\t<div class=\"elementor-element elementor-element-3ab35844 e-flex e-con-boxed e-con e-child\" data-id=\"3ab35844\" data-element_type=\"container\">\n\t\t\t\t\t<div class=\"e-con-inner\">\n\t\t<div class=\"elementor-element elementor-element-15e12126 e-flex e-con-boxed e-con e-child\" data-id=\"15e12126\" data-element_type=\"container\">\n\t\t\t\t\t<div class=\"e-con-inner\">\n\t\t\t\t<div class=\"elementor-element elementor-element-4d7d4575 elementor-widget elementor-widget-heading\" data-id=\"4d7d4575\" data-element_type=\"widget\" data-widget_type=\"heading.default\">\n\t\t\t\t<div class=\"elementor-widget-container\">\n\t\t\t\t\t<h2 class=\"elementor-heading-title elementor-size-default\">Pontos Importantes :<\/h2>\t\t\t\t<\/div>\n\t\t\t\t<\/div>\n\t\t\t\t<div class=\"elementor-element elementor-element-17afe179 elementor-widget elementor-widget-text-editor\" data-id=\"17afe179\" data-element_type=\"widget\" data-widget_type=\"text-editor.default\">\n\t\t\t\t<div class=\"elementor-widget-container\">\n\t\t\t\t\t\t\t\t\t<ul><li>Realiza\u00e7\u00e3o de Tomografia Computadorizada de Alta Resolu\u00e7\u00e3o;<\/li><li>Uni\u00e3o com Escaneamento para planejamento da rota de acesso pulpar;<\/li><li>Uso de Kits de cirurgia guiada para implantes;<\/li><li>Impress\u00e3o do Endoguide em resina de alta resist\u00eancia e precis\u00e3o.<\/li><\/ul>\t\t\t\t\t\t\t\t<\/div>\n\t\t\t\t<\/div>\n\t\t\t\t\t<\/div>\n\t\t\t\t<\/div>\n\t\t\t\t\t<\/div>\n\t\t\t\t<\/div>\n\t\t\t\t<\/div>\n\t\t<div class=\"elementor-element elementor-element-59192e0e e-con-full e-flex e-con e-child\" data-id=\"59192e0e\" data-element_type=\"container\">\n\t\t\t\t<\/div>\n\t\t\t\t<\/div>\n\t\t\t\t<\/div>\n\t\t","protected":false},"excerpt":{"rendered":"<p>Endoguide Associa\u00e7\u00e3o entre escaneamento digital intra-oral e tomografia simplificando o acesso ao canal radicular em dentes com altera\u00e7\u00f5es pulpares e radiculares. Pontos Importantes : Realiza\u00e7\u00e3o de Tomografia Computadorizada de Alta Resolu\u00e7\u00e3o; Uni\u00e3o com Escaneamento para planejamento da rota de acesso pulpar; Uso de Kits de cirurgia guiada para implantes; Impress\u00e3o do Endoguide em resina de [&hellip;]<\/p>\n","protected":false},"author":1,"featured_media":0,"parent":0,"menu_order":0,"comment_status":"closed","ping_status":"closed","template":"","meta":{"footnotes":"","_joinchat":[]},"_links":{"self":[{"href":"https:\/\/im3d.com.br\/index.php\/wp-json\/wp\/v2\/pages\/1087"}],"collection":[{"href":"https:\/\/im3d.com.br\/index.php\/wp-json\/wp\/v2\/pages"}],"about":[{"href":"https:\/\/im3d.com.br\/index.php\/wp-json\/wp\/v2\/types\/page"}],"author":[{"embeddable":true,"href":"https:\/\/im3d.com.br\/index.php\/wp-json\/wp\/v2\/users\/1"}],"replies":[{"embeddable":true,"href":"https:\/\/im3d.com.br\/index.php\/wp-json\/wp\/v2\/comments?post=1087"}],"version-history":[{"count":61,"href":"https:\/\/im3d.com.br\/index.php\/wp-json\/wp\/v2\/pages\/1087\/revisions"}],"predecessor-version":[{"id":1674,"href":"https:\/\/im3d.com.br\/index.php\/wp-json\/wp\/v2\/pages\/1087\/revisions\/1674"}],"wp:attachment":[{"href":"https:\/\/im3d.com.br\/index.php\/wp-json\/wp\/v2\/media?parent=1087"}],"curies":[{"name":"wp","href":"https:\/\/api.w.org\/{rel}","templated":true}]}}